 0*p + w*n + 350 = 3*p, -2*p + 3*n + 233 = 0. Is p a multiple of 23?
False
Let j = 23 - 125. Let l = 170 + j. Suppose w + w = l. Does 10 divide w?
False
Let y(p) = 5*p**2 - 5*p**2 - 12*p**3 + 48*p + 2 - 47*p. Let t be 2/(-3)*18/6. Is 12 a factor of y(t)?
True
Let a(t) be the third derivative of t**5/30 - t**3/3 - 88*t**2. Let r be (6/4)/(9/(-12)). Is a(r) a multiple of 3?
True
Let s(m) = 18*m + 49. Let f be s(5). Does 11 divide f - ((5 - 8) + -2)?
False
Suppose 0 = -3*s - 6*s + 603. Does 3 divide s?
False
Let u(b) = -b**2 + 8*b + 13. Let w be u(11). Let f = w - -30. Is f a multiple of 4?
False
Suppose -2*h - 3*p = -h + 7, -2*h - 2*p = -2. Suppose -4*d + h*j + 748 = 0, 0*j + 4*j + 16 = 0. Is d a multiple of 7?
True
Let v be 677/9 + 4/(-18). Let w = 84 + v. Does 16 divide w/6*2 + 3?
False
Let z(c) = -112*c. Let x be z(-5). Suppose 3*o - x = -2*o. Suppose -o = 3*n - 5*n. Does 25 divide n?
False
Let o(l) = l**2 - 3*l + 9. Is o(-9) a multiple of 9?
True
Let i be ((-12)/(-8))/((-6)/16). Is ((-16)/(-4))/i + 85 a multiple of 21?
True
Let h(l) = l**3 - 8*l + 950. Is h(0) a multiple of 19?
True
Let m(v) = v**3 + 12*v**2 + 32*v + 7. Is 7 a factor of m(-8)?
True
Suppose -3*b - 2*z + 4148 = 0, 7044 = 4*b - 2*z + 1518. Is 13 a factor of b?
False
Let p(x) = -x. Let m(w) = -w - 6. Let h(n) = m(n) - 3*p(n). Let l(k) = 3*k**2 + 4*k + 4. Let f be l(-2). Is h(f) a multiple of 5?
True
Suppose 5*g = 3*z + 2275, 3767 = -z - 4*z - 4*g. Let i = z + 1081. Is 12 a factor of i/8 + (-11)/(-44)?
False
Let y(g) = -2*g**3 - g**2 - 2*g. Let q = 0 - 2. Let f be y(q). Suppose v - f + 2 = 0. Does 7 divide v?
True
Let w(l) be the third derivative of -5*l**2 + 0*l + 0*l**3 - 1/6*l**4 + 0. Does 24 divide w(-6)?
True
Suppose -19*q + 3076 = -29509. Does 7 divide q?
True
Let x = -17 - -19. Suppose -2*k = 10 - x. Let t = k - -28. Does 7 divide t?
False
Let y(o) = o**2 + 2*o - 12. Let l be y(-5). Does 17 divide 91 + l*(-1)/3?
False
Let s(z) = 2*z - 19. Let u be s(17). Suppose -u = 3*w, 3*w - 8 = -3*o + w. Let b = 15 - o. Is b a multiple of 3?
True
Let z be 3 - (0 - (-7 - -4)). Let r(w) = w**3 + z*w**2 + 44 - 4*w**2 - 32 - w. Is r(5) a multiple of 11?
False
Suppose -28 = 11*k - 402. Is k a multiple of 10?
False
Suppose 0 = -9*p - 9*p + 3420. Is p a multiple of 3?
False
Let w be -7 - (-1 + -2 + 2). Let l be (15/w)/((-3)/6). Suppose 0 = l*z - 15, -5*i = 3*z - 2*z - 28. Does 3 divide i?
False
Suppose -13*d + 16*d = -36. Let j = 6 - 9. Is (j - 116/d)*3 a multiple of 20?
True
Does 13 divide 1/7 + 3531/77 + -4?
False
Let l(q) = 4*q + 18. Let j be ((-21)/(-2))/(-6*2/(-16)). Is 37 a factor of l(j)?
True
Let x(j) = -j**3 + 12*j**2 + j - 6. Let m(t) = t**2 - 2*t - 3. Let y be m(-3). Let u be x(y). Let d(c) = 2*c**2 + 4*c - 9. Is d(u) a multiple of 27?
False
Let g = -30 + 30. Suppose 2*v - 98 = -g*v. Does 31 divide v?
False
Let r = 209 + -44. Does 30 divide r?
False
Let f be 16*-1 + 0/4 - -4. Suppose 2*v - 2 = q + q, -v = 4*q + 9. Let c = v - f. Does 3 divide c?
False
Suppose 4*v = v + 204. Let c = v - -124. Is c a multiple of 20?
False
Let q(k) = 21*k + 5. Let w be q(5). Let f(s) = -16*s - 52. Let t be f(-13). Let o = t - w. Is o a multiple of 14?
False
Let i = 14 - 4. Let p = 13 - i. Suppose -p*f = y - 101, -y - y = 4*f - 134. Does 5 divide f?
False
Suppose 2*c - 5*o + 7*o + 256 = 0, -5*c = -3*o + 672. Is 9 a factor of c/4*(-2 + 0)?
False
Let i be 9*-2 - 0 - -2. Let x = -4 - i. Suppose -k = -30 - x. Is 11 a factor of k?
False
Let o be (-1 - -2 - 1)/2. Suppose k + 2*n + 5 = -4, o = 3*k + 2*n + 43. Let a = -13 - k. Is a a multiple of 2?
True
Suppose 0 = -4*h - 3*t + 164, -5*t - 20 = -3*h + 74. Does 5 divide h?
False
Let r(j) = -j**3 - j**2 + 9*j + 4. Is 6 a factor of r(-6)?
False
Suppose -667*c + 664*c + 5658 = 0. Is c a multiple of 46?
True
Let t(r) = -3*r**3 - 2*r**2 - 31*r - 262. Is t(-9) a multiple of 18?
False
Suppose -63*j + 20160 = 9*j. Is 28 a factor of j?
True
Suppose 266 = 3*v - 2*v. Let z = v + -141. Is 25 a factor of z?
True
Let o(n) be the third derivative of n**5/15 - n**3/3 + 2*n**2. Does 31 divide o(-4)?
True
Is 39 a factor of 39/(4 - 268/68)?
True
Let q(j) = -j**3 + 2*j**2 + 6*j + 5. Let n = -51 + 46. Is q(n) a multiple of 25?
True
Let d(b) = 31*b - 11. Let r be d(9). Let v(q) = -4*q - 8. Let x be v(-7). Is r/x + (-8)/20 a multiple of 4?
False
Let t be ((-288)/(-10))/(1/10). Let a = 11 - 9. Suppose 183 = 3*q - 3*u, -5*q + a*u + 5 = -t. Is 19 a factor of q?
True
Let a = -47 + 20. Let h = a + 35. Is 8 a factor of h?
True
Let d = -741 + 4686. Is d a multiple of 81?
False
Let j be (-3)/1*2/(-3). Suppose r = q - j + 3, -2*q = -r + 6. Let c = q + 91. Is 12 a factor of c?
False
Suppose 4*k - 131 = -3*m, -89 = -19*m + 17*m - k. Is 7 a factor of m?
False
Let k(v) = 12*v**3 - 4*v**2 + 4*v. Suppose -4*r + 32 = -0*r + 5*t, r - 5*t + 17 = 0. Let u be k(r). Does 3 divide 2/(-7) - u/(-21)?
False
Suppose -5*j = 5, -l + 2 - 3 = -5*j. Let q(m) = -m**3 - 7*m**2 - 5*m + 9. Let y be q(l). Suppose -2*p - y*s + 0*s + 28 = 0, 5*s = 3*p - 42. Does 12 divide p?
False
Suppose 2*c - 379 = -3*h, -3*h + 2*c = 3*c - 374. Let x = h - 76. Is x a multiple of 7?
False
Does 8 divide -12 + 5 + 4 - (-716 - -1)?
True
Let r = -384 - -550. Is 13 a factor of (r/10)/(3/15)?
False
Suppose 35*j = 161*j - 124110. Is j a multiple of 5?
True
Suppose 7 = -5*j - 3. Does 20 divide 158/4 - 1/j?
True
Suppose 0 = -5*p - 4*q + 6*q, p = -4*q. Suppose -22 = -p*h - 2*h. Is h a multiple of 11?
True
Suppose 0*o - 2*o + 514 = i, 4*o - 5*i = 1056. Does 5 divide o?
False
Suppose -2*m + 0 + 10 = 0. Suppose -g = m - 40. Let t = -14 + g. Does 10 divide t?
False
Suppose 5*p - 26 - 34 = 0. Let q = p - -12. Does 14 divide q?
False
Let r(t) = t**3 - 7*t**2 - 9*t + 3. Let v be r(8). Is 3 a factor of v + 19 + (1 - 0)?
True
Let f(x) = x**3 - 5*x**2 + 7. Does 21 divide f(7)?
True
Let x(p) be the first derivative of -p**4/4 - 2*p**3 + 3*p - 9. Let l be x(-7). Suppose -l - 110 = -6*s. Does 9 divide s?
True
Let h be ((-12)/18)/((-4)/162). Suppose -33 = -f - h. Does 3 divide f?
True
Let o(q) = -q + 7. Let h be o(7). Suppose h*m = m - 2. Is 30 - m - 8/(-4) a multiple of 15?
True
Suppose 0 = -16*o + 63072 + 5632. Is o a multiple of 19?
True
Let k(x) = x**3 + 4. Let v be k(0). Let c(r) = -v*r + 78 + r - 75. Does 15 divide c(-14)?
True
Let m(r) = -r**2 + 6*r - 6. Let u be m(4). Let y(a) = a**3 - 11*a**2 - 6*a + 2. Let w be y(11). Does 8 divide w/(-12)*(5 - u)?
True
Let l(o) = 5*o**2 - 5*o + 18. Does 7 divide l(2)?
True
Let d be -2*((-3)/1)/1. Let k(h) = -h - 3. Let g be k(-3). Suppose 4*s + 4*o + 36 = d*s, g = 3*o + 12. Does 3 divide s?
False
Let d(u) = 7*u**3 + u**2 - 2*u + 2. Let j(h) = -2*h**2 + 13*h - 5. Let l be j(6). Is 3 a factor of d(l)?
False
Let n(b) = b**3 + 16*b**2 - 15*b - 19. Let p be n(-17). Let m = p + 125. Is 9 a factor of m?
True
Suppose 5*t - 639 = -4*y, y + 2*t = 7*t + 141. Suppose -z = 4*j - 2 - 4, -4*j + 16 = -4*z. Suppose -2*x = 2*m - 60, j*x - y = -5*m + 3*x. Is 15 a factor of m?
False
Let l be 45/(1/4*-2). Let v = l + 128. Suppose 3*w - v = 4*r, -5*r - 4 = -w + 5. Is w a multiple of 6?
False
Suppose -5*o + 184 = 2*l, -o + 2*l - 1 = -33. Suppose -8*r = -84 - o. Is 5 a factor of r?
True
Let c be (-2)/(-2) + (-24)/(-12). Suppose 7*d - c*d = 120. Does 6 divide d?
True
Let c(b) = 2*b**2 + 2*b - 129. Let f(x) = x**2 + x - 65. Let t(q) = 2*c(q) - 5*f(q). Is 15 a factor of t(0)?
False
Suppose -f - 2*o + o + 7 = 0, -4*f - o = -19. Suppose 2*d - f*d = -36. Suppose -2*c + d = c. Does 3 divide c?
True
Let z = 533 - 935. Let n = z - -661. Does 37 divide n?
True
Let y = 60 + 114. Is y a multiple of 29?
True
Let i(s) = -9 + s**3 - 8*s - 12*s**2 + 3*s**2 + 2 - 2*s**3. Let p be i(-7). Let l = 45 - p. Is 21 a factor of l?
False
Suppose 0 = -6*o + 7*o - 3*b - 128, -712 = -5*o - 3*b. Is 20 a factor of o?
True
Let y(i) = 8*i**2 - 2 + 1 - i - 7*i**2 + 49*i**3. Let t be y(1). Suppose t - 194 = -5*q - 2*a, -2*q - 2*a + 56 = 0. Does 8 divide q?
False
Let h(j) = 35*j + 1. Is 4 a factor of h(5)?
True
Let d(m) = m**3 + 3*m**2 - 2*m. Let g be d(1). Suppose -g*s - 4*n = 2*s - 344, 348 = 4*s + 3*n. Does 30 divide s?
True
Is (2 + -3)/(-1) + (3 - -285) a multiple of 22?
False
Let v(c) = -4*c + 44. Let a be v(-13). Let y = a - -27. Is 16 a factor of y?
False
Suppose